is the greatest common factor of 1323 and 1568?
49
Calculate the highest common divisor of 46 and 14.
2
Calculate the greatest common factor of 648 and 16.
8
Calculate the highest common factor of 247 and 13.
13
What is the greatest common factor of 406 and 42?
14
What is the greatest common divisor of 110 and 770?
110
What is the greatest common factor of 456 and 592?
8
Calculate the greatest common divisor of 8 and 204.
4
What is the greatest common divisor of 142 and 497?
71
What is the greatest common factor of 65 and 2405?
65
What is the highest common divisor of 32 and 2848?
32
Calculate the greatest common divisor of 50 and 225.
25
Calculate the greatest common divisor of 79 and 5293.
79
What is the greatest common divisor of 224 and 28?
28
What is the greatest common factor of 180 and 40?
20
What is the greatest common factor of 96390 and 378?
378
Calculate the highest common factor of 78 and 351.
39
Calculate the highest common factor of 45 and 2085.
15
What is the highest common divisor of 2448 and 432?
144
Calculate the greatest common divisor of 11134 and 133.
19
Calculate the greatest common divisor of 162 and 405.
81
Calculate the highest common divisor of 27 and 1899.
9
What is the greatest common factor of 7 and 4375?
7
What is the greatest common factor of 377 and 1105?
13
What is the greatest common divisor of 536 and 56?
8
What is the greatest common divisor of 576 and 32?
32
Calculate the highest common factor of 9071 and 579.
193
What is the highest common divisor of 133 and 7?
7
Calculate the highest common divisor of 600 and 50.
50
What is the greatest common factor of 178 and 89?
89
Calculate the greatest common divisor of 1334 and 29.
29
Calculate the highest common divisor of 64 and 2624.
64
Calculate the highest common factor of 12 and 30.
6
What is the greatest common factor of 160 and 290?
10
What is the highest common factor of 68 and 5066?
34
Calculate the greatest common divisor of 270 and 378.
54
What is the highest common divisor of 73 and 2?
1
What is the highest common divisor of 6649 and 109?
109
What is the greatest common factor of 33 and 209?
11
What is the greatest common divisor of 141 and 1128?
141
Calculate the highest common factor of 44444 and 164.
164
What is the greatest common divisor of 539 and 22?
11
Calculate the greatest common factor of 478 and 2.
2
Calculate the greatest common factor of 192 and 8688.
48
What is the greatest common factor of 13 and 2119?
13
What is the greatest common factor of 16 and 272?
16
What is the highest common divisor of 851 and 115?
23
Calculate the highest common divisor of 2630 and 20.
10
Calculate the greatest common factor of 175 and 35350.
175
Calculate the greatest common factor of 128 and 304.
16
Calculate the highest common divisor of 1743 and 21.
21
What is the greatest common factor of 2592 and 54?
54
Calculate the greatest common divisor of 475 and 912.
19
Calculate the highest common divisor of 36183 and 63.
21
What is the highest common divisor of 90 and 170?
10
What is the highest common divisor of 125 and 475?
25
Calculate the highest common factor of 34 and 7956.
34
Calculate the highest common factor of 1586 and 104.
26
Calculate the greatest common factor of 273 and 399.
21
Calculate the highest common divisor of 143 and 77.
11
Calculate the highest common factor of 154 and 66.
22
Calculate the greatest common divisor of 1695 and 285.
15
What is the highest common factor of 22011 and 46?
23
Calculate the greatest common divisor of 36 and 100.
4
What is the highest common factor of 2513 and 7?
7
What is the greatest common factor of 45124 and 116?
116
Calculate the greatest common divisor of 531 and 944.
59
Calculate the greatest common factor of 540 and 945.
135
What is the highest common factor of 132 and 22?
22
What is the highest common factor of 371 and 7?
7
Calculate the greatest common factor of 270 and 6990.
30
What is the highest common divisor of 36 and 76?
4
Calculate the greatest common factor of 175 and 400.
25
What is the greatest common divisor of 42 and 28?
14
Calculate the greatest common factor of 425 and 10.
5
What is the highest common factor of 40 and 45?
5
Calculate the highest common divisor of 416 and 13.
13
What is the greatest common divisor of 385 and 55?
55
What is the highest common divisor of 93 and 217?
31
What is the greatest common factor of 410 and 1260?
10
Calculate the highest common divisor of 228 and 8588.
76
Calculate the greatest common factor of 117 and 6156.
9
Calculate the highest common divisor of 3444 and 378.
42
What is the greatest common divisor of 14 and 1470?
14
What is the highest common divisor of 38 and 15086?
38
Calculate the highest common factor of 1230 and 150.
30
Calculate the highest common factor of 1169 and 63.
7
What is the highest common divisor of 128 and 72?
8
What is the highest common divisor of 306 and 234?
18
What is the greatest common divisor of 668 and 10354?
334
What is the greatest common divisor of 9 and 102?
3
What is the highest common divisor of 170 and 470?
10
What is the greatest common factor of 513 and 19?
19
What is the highest common divisor of 22 and 297?
11
What is the greatest common divisor of 3553 and 187?
187
What is the greatest common divisor of 319 and 609?
29
What is the highest common factor of 58 and 15805?
29
What is the highest common divisor of 536 and 67?
67
Calculate the greatest common factor of 672 and 2128.
112
Calculate the greatest common divisor of 1116 and 62.
62
Calculate the greatest common divisor of 86 and 301.
43
Calculate the highest common divisor of 10595 and 489.
163
What is the highest common factor of 38 and 608?
38
Calculate the highest common divisor of 96 and 6696.
24
Calculate the highest common factor of 250 and 150.
50
Calculate the highest common factor of 64 and 192.
64
What is the highest common divisor of 39707 and 118?
59
What is the greatest common factor of 2968 and 53?
53
What is the highest common divisor of 77 and 175?
7
What is the greatest common divisor of 12 and 558?
6
What is the greatest common divisor of 1680 and 180?
60
Calculate the greatest common factor of 63 and 819.
63
What is the greatest common factor of 12 and 18168?
12
What is the greatest common factor of 765 and 4743?
153
What is the highest common divisor of 7 and 1274?
7
What is the highest common factor of 952 and 56?
56
Calculate the highest common divisor of 55 and 11.
11
Calculate the greatest common divisor of 795 and 15.
15
What is the highest common divisor of 144 and 1536?
48
Calculate the highest common divisor of 30 and 525.
15
What is the greatest common divisor of 384 and 80?
16
What is the highest common divisor of 295 and 177?
59
What is the greatest common divisor of 6 and 6?
6
Calculate the greatest common divisor of 2363 and 221.
17
What is the highest common divisor of 5529 and 19?
19
Calculate the highest common factor of 55 and 869.
11
What is the greatest common factor of 735 and 588?
147
Calculate the greatest common divisor of 5 and 194.
1
What is the greatest common factor of 26 and 247?
13
What is the greatest common factor of 11638 and 22?
22
Calculate the highest common divisor of 7 and 77.
7
Calculate the highest common divisor of 819 and 315.
63
What is the greatest common factor of 82 and 1517?
41
Calculate the greatest common divisor of 80 and 1872.
16
Calculate the greatest common factor of 1376 and 258.
86
Calculate the greatest common divisor of 60 and 8740.
20
What is the highest common factor of 63 and 27?
9
What is the greatest common divisor of 242 and 18271?
121
What is the highest common factor of 1003 and 59?
59
Calculate the greatest common factor of 6 and 13116.
6
What is the highest common divisor of 98304 and 192?
192
Calculate the highest common divisor of 490 and 455.
35
What is the highest common divisor of 36 and 792?
36
Calculate the highest common divisor of 290 and 406.
58
What is the highest common divisor of 8 and 904?
8
What is the highest common divisor of 3254 and 2?
2
What is the greatest common divisor of 25466 and 642?
214
Calculate the greatest common factor of 810 and 1539.
81
What is the highest common factor of 774 and 5934?
258
Calculate the highest common divisor of 297 and